 greatest common factor of f and 68.
68
Let f = 444 - 386. Calculate the greatest common factor of f and 87.
29
Let r = 101 + 178. Suppose -3*b = y - 16, 3 + 21 = 5*b + y. Suppose -x - b*t + 100 = 4, r = 4*x - 5*t. Calculate the highest common divisor of 19 and x.
19
Let z(o) = 6*o + 58. Let r be z(-3). Calculate the highest common factor of 1640 and r.
40
Let y(r) = -r**3 + 3*r**2 + 6*r - 6. Let l be y(4). Suppose -l*p + 1 = v, -p + 17 + 0 = 2*v. What is the greatest common divisor of 11 and v?
11
Suppose -5*u + 1292 + 228 = 0. What is the highest common divisor of u and 38?
38
Suppose 0 = -5*g + 292 + 1083. What is the greatest common factor of 22 and g?
11
Suppose 52 = 2*b - 2*c, -16*b + 4*c = -11*b - 129. Let a(m) = -24*m + 1. Let u be a(-1). What is the highest common divisor of u and b?
25
Let z(w) = 10*w - 7. Let n(d) = -d**3 - 10*d**2 + d + 13. Let l be n(-10). Let t be z(l). What is the highest common factor of 92 and t?
23
Suppose 4*v - 3614 = 74. Suppose -j - v + 359 = -4*g, -5*g + 691 = 3*j. Let p be ((-2)/2)/(10/(-140))*4. Calculate the highest common divisor of g and p.
28
Suppose k - 3 = -5*f + 6, -2*f - 58 = -4*k. Calculate the greatest common divisor of k and 301.
7
Suppose 0 = -3*f + 361 - 91. Let c = -170 + 180. What is the highest common divisor of c and f?
10
Suppose 2*m = -t + 2*t - 5, 0 = -2*t - 3*m + 45. What is the greatest common divisor of 25 and t?
5
Let i(k) = 25*k - 413. Let s be i(17). Let r be 2/(-1 + (-134)/(-132)). What is the greatest common divisor of r and s?
12
Let j = -10 + 26. Suppose -2*w - 5*h = -2*h - 227, -w + 114 = 2*h. Suppose 2*v - 48 = w. Calculate the highest common factor of j and v.
16
Let w(m) = 4*m**2 - 4*m - 3. Let x be w(4). Let q = 64 - x. Suppose s = -s + 76. Calculate the highest common factor of q and s.
19
Let l = -67 + 62. Suppose 3*f + 0*v - 6 = -4*v, 6 = 3*f + 3*v. Let x be (-2)/2 + (f - l). Calculate the highest common factor of x and 9.
3
Suppose 5*s - 647 = -4*m, 0 = -5*m + 7*s - 3*s + 778. Calculate the greatest common divisor of 2 and m.
2
Let z = 1142 - 1135. Let n be 2/8 + 222/8. Calculate the greatest common divisor of z and n.
7
Suppose 2*h - 20 - 60 = 0. Let o(y) = -y**2 - 22*y - 24. Let w be o(-20). Calculate the greatest common divisor of h and w.
8
Let d(n) be the third derivative of 31*n**6/120 + n**5/30 - n**4/24 + 5*n**2. Let v be d(1). What is the highest common divisor of v and 96?
32
Suppose -2*t = 5*a + 59 - 131, 4*a = 4*t + 52. Let j(q) = q**2 + 2*q. Let l be j(-3). Let p be 2/l - (-309)/9. What is the highest common divisor of p and a?
7
Let m(l) = 4*l**2 - 43*l - 22. Let r be m(12). Calculate the greatest common factor of r and 1064.
38
Suppose 3*r + 21 = a, -a - 3*a = -4*r - 60. What is the highest common factor of a and 60?
12
Suppose -16*h + 673 = 193. What is the highest common factor of 390 and h?
30
Suppose 5*c + 5*z = 65, -2*c - 3*z + 32 - 2 = 0. Calculate the highest common divisor of 21 and c.
3
Suppose -9 - 7 = -4*q. Suppose 0 = 2*h - 3*l + l - 42, q*h + l - 89 = 0. What is the greatest common factor of 88 and h?
22
Let v = 169 + -59. Suppose 4*p - 3*q = -0*p + 25, -p - 3*q + 25 = 0. Calculate the greatest common factor of p and v.
10
Let y = -16 - 20. Let q = y - -39. Calculate the greatest common divisor of q and 21.
3
Let t be 2/7 - 26/(-7). Suppose 0 = -4*w - w + 30. Let y = w - -26. What is the greatest common factor of t and y?
4
Suppose -15 + 15 = 2*s. Suppose o = u - 19, -5*u + 4*o + 59 + 35 = s. What is the greatest common factor of 12 and u?
6
Suppose 0 = -5550*r + 5554*r - 6708. What is the highest common divisor of r and 78?
39
Suppose 2*i = -3*i - 15, -4*i + 18 = -5*p. Let d(l) = 3*l**2 + 9*l + 24. Let o be d(p). Calculate the greatest common divisor of 117 and o.
39
Suppose 2*l = -2*n - 2*l - 38, 80 = -4*n - 4*l. Let u be n/49 - 356/(-14). Let y be 0 + (-1 - -200) + 1. Calculate the greatest common divisor of y and u.
25
Let x(t) = -6*t**3 + 2*t**2 - 8*t + 4. Let z be x(3). Let r = z - -596. What is the highest common divisor of r and 48?
48
Let n(j) = 2*j - 16. Let u be n(6). Let w be (4/(-1))/(u/(-14)). Let z be (10 + -8)*w/(-2). What is the greatest common divisor of 14 and z?
14
Let m(y) = -y**2 - y + 2. Let d be m(2). Let o be d/1*(0 - 4). Let h = 17 - -95. Calculate the greatest common divisor of h and o.
16
Let f(c) = c + 6. Let r be f(-2). Let q be (-26 + 0)*(1 - (r + 2)). What is the highest common factor of 10 and q?
10
Suppose -5*k = -20, 2*d + 2*d + 3*k = 104. Let a be (-4)/(-2)*115/10. What is the highest common divisor of d and a?
23
Let q = -686 + 697. What is the highest common factor of 341 and q?
11
Let r(m) = -m**3 + 8*m**2 - m - 7. Let o be r(7). Calculate the highest common factor of 5 and o.
5
Let z(c) = -14*c - 43. Let p be z(-8). Let h = -67 + p. What is the highest common factor of h and 1?
1
Let o be -21 + -10 + (-4)/(-2). Let s = 31 + o. Suppose 7*n = -5*j + 2*n + 5, 3*j + 5*n + 7 = 0. Calculate the highest common divisor of j and s.
2
Let n be (9/(-2))/((-24)/592). What is the highest common divisor of 148 and n?
37
Let v = 176 + -160. What is the greatest common divisor of 1072 and v?
16
Let d be 17/(2210/250230) + 4/26. What is the highest common factor of 77 and d?
77
Let o(z) = -8*z - 2. Let l be o(-3). Let u be (-50)/(-4) - 9/6. What is the greatest common factor of l and u?
11
Suppose 0 = 36*d + 28*d - 448. What is the highest common factor of d and 1057?
7
Suppose 10*b - 40 = 180. What is the greatest common divisor of b and 2?
2
Suppose 4*r - 808 - 2712 = -4*w, 8 = -2*w. Calculate the highest common factor of 52 and r.
52
Suppose w - 22 = -v + 3*v, -3*v = 3*w - 111. Suppose -3*o = -o + s - w, -5*s - 65 = -5*o. Calculate the highest common divisor of 30 and o.
15
Let j be (-8)/(-6)*(-45)/(-30). Let h be j - (3/(-2) + (-50)/4). Let u be 8/28 + (-556)/(-14). Calculate the highest common divisor of h and u.
8
Let t(r) = -11*r. Let x be t(-3). Let w be ((-440)/(-50))/(8/(-5) + 2). What is the highest common divisor of w and x?
11
Let a(n) = -4*n**2 + 71*n - 61. Let l be a(16). What is the highest common divisor of l and 2703?
51
Suppose -4*h - 1 = f - 16, 4*f = -h + 135. Calculate the greatest common divisor of f and 875.
35
Suppose -6 = 3*n, z = -17*n + 14*n + 38. What is the highest common divisor of 1012 and z?
44
Suppose c - 241 + 226 = -l, 4*l = 2*c - 36. Let x = -19 + 67. Calculate the greatest common divisor of x and c.
16
Let b be 2 - 2*-6*(-4)/12. Let i be ((-56)/(-42))/(b/(-3)). What is the highest common factor of i and 32?
2
Suppose -c = -10*c + 2304. What is the greatest common factor of 48 and c?
16
Let j = -69 - -105. Let o = 5 - 2. Let m(r) = 4*r**2 - 5*r + 3. Let s be m(o). What is the greatest common divisor of j and s?
12
Suppose 13 = i + 3*o, 4*i - o + 4*o - 43 = 0. Suppose -330 = -15*z + i*z. Calculate the highest common factor of z and 44.
22
Let g(k) = -k**2 + 12*k. Let t be g(5). Let w be (-70)/(-4)*(384/60)/16. Calculate the greatest common factor of t and w.
7
Let q be (-6 + 26)*(-4)/(-10). Let f be (-168)/(-16)*q/6. Let s = -109 + 221. Calculate the highest common divisor of f and s.
14
Suppose -3*g = -9, -3*a + 3*g - 135 = -6*a. Let n(c) = -c**3 + 25*c**2 + 28*c - 38. Let s be n(26). What is the highest common divisor of s and a?
14
Let j(t) = -161*t**3 - 1. Let a be j(-1). Suppose 5*c = z - a, 0 = 5*z - 3*c - c - 821. What is the greatest common factor of 15 and z?
15
Suppose -2*y + 43 - 19 = 4*p, -y = -5*p - 26. Suppose -3*c + 10 = c - 2*u, -3*c = 2*u - 4. Calculate the greatest common divisor of c and y.
2
Let b(d) = -d**3 + 10*d**2 - 9*d + 3. Let m be b(9). Suppose 0 = m*o - 5*o + 28. Let y be (-3 + (-16)/(-2))*o. What is the greatest common factor of y and 10?
10
Let d be (-1)/3 + (-133)/(-3). Let u = -31 + d. Calculate the greatest common factor of 13 and u.
13
Let b = 7 - 2. Let y(l) = 2*l + 19. Suppose -44*u + 35 = -49*u. Let k be y(u). Calculate the greatest common divisor of b and k.
5
Suppose -11 = 3*a - 7*a - 3*b, a - 2*b = 0. Suppose i - 9 = -8. Calculate the highest common factor of a and i.
1
Let w(f) = -2*f**2 + 26*f + 13. Let h be w(8). Suppose -4*u - 42 = -166. What is the highest common divisor of h and u?
31
Let i be 2 + 0/4 - 2. Let a = 5 + i. Suppose 